q) = -4*w(q) + 3*x(q). Let m be h(2). What is the highest common factor of 38 and m?
19
Let o be ((-308)/70 + (-1)/(-15))*-6. What is the greatest common factor of 4238 and o?
26
Let k = 3099 - 3060. What is the greatest common factor of 11778 and k?
39
Suppose -2*r = i - 18489, -8*i = -7*r + 6*r + 9219. Calculate the highest common factor of r and 117.
117
Let d be (0 + -2)/(-1) + (-5 - -71). What is the highest common factor of 24548 and d?
68
Let y be (-99)/((3/72)/(3/((-135)/30))). Calculate the highest common factor of 440 and y.
88
Suppose -4*r - r = -4*x - 71122, -4*r + 56903 = -5*x. Calculate the highest common factor of 26 and r.
26
Suppose 0 = 8*a - 370 - 14. Calculate the highest common divisor of a and 84.
12
Let q = 2004 - 1997. Suppose 0 = -5*i - 4 + 19. Suppose z - 5*f + q = 0, i*f + 7 = 19. What is the highest common factor of z and 117?
13
Let j be (-5996)/(-27) + (-866)/11691. Calculate the highest common factor of 81 and j.
3
Let t(f) = -124*f**3 - f**2 + 1. Let d be t(-1). Suppose 24*w + 13738 = 14482. Calculate the highest common factor of w and d.
31
Let q be ((-2409)/(-99))/(1/54). What is the greatest common divisor of 126 and q?
18
Let n(c) = 5*c**2 - 2*c + 7. Let k be n(0). Suppose 3*x = -k*x + 150. Calculate the greatest common divisor of 135 and x.
15
Let g = -84 + 87. Suppose -m + 1970 = 5*k - 836, 0 = 5*k + g*m - 2808. Let y be ((-4)/(-3))/(22/k). Calculate the greatest common factor of y and 102.
34
Suppose 4*c + 425 = -2*b + 653, 112 = b + 4*c. Calculate the highest common divisor of b and 1856.
116
Suppose -4*w = -4*z + 952, 6*w = z + 3*w - 228. Suppose -z - 2232 = -11*x. Calculate the highest common divisor of 90 and x.
45
Suppose 169 + 11 = -4*i - 5*d, 3*d = -4*i - 172. Let k be i/(-6)*(-6 - 234/(-30)). Calculate the highest common factor of 92 and k.
4
Let u be 85 - (5 + 0/(5/(5/(-1)))). What is the greatest common divisor of 4192 and u?
16
Let g be 70/(-280) - 138/(-8). Suppose 0 = m + g*m - 216. Calculate the greatest common factor of m and 42.
6
Suppose t + 4*f = 60, -f = 4*t - 3*f - 276. Suppose -4*z + 195 = -0*s - s, -z + 4*s = -45. Let g = -15 + z. What is the highest common factor of t and g?
34
Let o be 4*((-28)/16)/(-7). Let m be (63 - 65)/(o/(-20)). Suppose -87 = -2*j + 153. What is the highest common divisor of m and j?
40
Suppose -144 + 60 = -i. Let z = 109 - i. What is the highest common divisor of 80 and z?
5
Let g(x) = -135*x**3 - 7*x**2 - x - 1. Let m be g(-2). What is the highest common factor of m and 78?
39
Let g(q) = -q**2 + 30*q - 41. Let r be 1/((-2)/(-54)) + 1. Let o be g(r). Calculate the greatest common divisor of o and 45.
15
Suppose 112 = 2*h - 5*c - 111, 4*h + 2*c - 458 = 0. Suppose 0 = -4*g + 45 + 3. What is the greatest common divisor of g and h?
6
Suppose 0 = 71*x - 76*x - 1370. Let o = -64 - x. What is the highest common divisor of o and 42?
42
Suppose 3*i - 149*s = -150*s + 145, -3*i + 130 = 4*s. What is the highest common divisor of i and 810?
10
Let h be 280*(168/(-49) - -4). Let r(n) = -2*n - 2. Let m be r(-3). Let k be (m - 7)/(6/(-40)). Calculate the highest common divisor of h and k.
20
Let d be 44*(9/(-30))/((-3)/5). Suppose 2*x + 98 = 4*q, q + 3*x + 8 = 15. What is the greatest common divisor of d and q?
22
Let d = -12016 - -12352. What is the highest common divisor of 2800 and d?
112
Let f(j) = -1865*j + 484. Let q be f(-10). What is the greatest common divisor of 36 and q?
18
Suppose -17*y - 4297 = -47222. Calculate the greatest common factor of 50 and y.
25
Let w(g) = 82*g**2 - 4*g + 4. Let n be w(2). Let m = 135 + -99. What is the greatest common factor of n and m?
36
Let p(i) = -4*i**3 - i**2 + i + 1. Let g(l) = 3*l**3 + l**2 + 1. Let z(j) = -6*g(j) - 4*p(j). Let y be z(-2). What is the greatest common factor of y and 3?
3
Suppose 4*o + 4*s - 315 = 173, -5*s - 244 = -2*o. What is the greatest common divisor of o and 4514?
122
Let q = 744 + 2296. What is the highest common divisor of 95 and q?
95
Let b be 1/(10/(-204))*1110/(-444). What is the greatest common divisor of 7089 and b?
51
Let x(c) = -c**3 + 3*c**2 - 14*c + 38. Let o be x(3). Let r be (-2)/10 - ((-217)/35 - o). Calculate the greatest common factor of r and 1.
1
Suppose 5*d + 198 = 5898. Suppose 18*k + k = d. Calculate the highest common divisor of 570 and k.
30
Let a(n) = -11*n - 67. Let c be a(-12). Let t be (-99)/(c/(-10) + 5). What is the highest common divisor of 18 and t?
6
Suppose -6 = 3*s, -3*s + 4*s + 18 = 4*k. Let x be (-62 - (4 - k)) + (-1 - 0). Let y = -27 - x. What is the greatest common factor of 60 and y?
12
Suppose -t + 20 = -5. Suppose 6*w + 813 = -807. Let j = w + 345. What is the highest common factor of t and j?
25
Let k be 50*38/(-1045)*-11. Calculate the greatest common factor of 12 and k.
4
Let b be 584/511 + 3/(-21). Calculate the greatest common divisor of b and 1013.
1
Suppose -3*l + 5*f = -15626, 2*l + 147*f - 10424 = 152*f. What is the greatest common divisor of 17 and l?
17
Suppose 37 = a - 54. Let m(r) = r**3 - 11*r**2 + r - 4. Let l = -374 + 385. Let y be m(l). Calculate the highest common divisor of y and a.
7
Suppose -2*f + 3*o + 65 = 0, -2*f + 2*o + 85 = 3*o. Let t = -1060594 + 1060684. What is the greatest common factor of f and t?
10
Let u be 1/(((-12)/(-18))/((-8)/(-6))). Suppose 22 = u*y - 4*p, 2*p - 11 = -5*y + p. Calculate the highest common factor of 12 and y.
3
Suppose 4*v = -4, 19*f = 15*f - 4*v - 76. Let w be ((-27)/f)/(6/380). What is the greatest common divisor of 19 and w?
19
Let q be 6 + 882136/80 - (-18)/60. Calculate the highest common factor of q and 118.
59
Let u(a) = 11*a**3 + 97*a - 18. Let f be u(8). What is the highest common divisor of 36 and f?
18
Let s be ((-16)/5)/(-4)*130. Let y be (-1 + 3)*2 - (-672)/32. Suppose -y*q = -30*q + 40. Calculate the highest common divisor of s and q.
8
Let r(c) = 18*c**2 - 58*c - 27. Let g be r(5). Calculate the greatest common divisor of g and 247.
19
Suppose 4*w = -5*v - 44 - 71, 0 = 5*w - 5*v + 155. Let n be 10/4*147*(-16)/w. Calculate the greatest common divisor of 112 and n.
28
Suppose 2066 = 9*w - 895. Suppose 0 = -0*s + 12*s - 1128. Calculate the highest common factor of w and s.
47
Let g(x) = 3*x**3 - 81*x**2 - 16*x - 87. Let k be g(28). Calculate the greatest common divisor of 869 and k.
79
Let u be (-40)/6*2052/(-760). What is the highest common factor of u and 6579?
9
Let w(g) = -2*g - 2 - 6*g + 18*g**2 + 5*g + 4*g**2. Suppose x + 1 = m, 5*x + 5 = -3*m - m. Let p be w(x). What is the greatest common divisor of p and 46?
23
Suppose 0 = 4*f - 29 + 5. Let o be (15/f)/(1/2). What is the highest common factor of 15 and o?
5
Let i(x) = -2*x**3 + 14*x**2 + 26*x + 14. Let l be i(6). Calculate the highest common factor of 21538 and l.
242
Suppose -2029284 = -161*g + 5203641. Calculate the greatest common divisor of 75 and g.
75
Let j = 168 - -49. Let v(z) = 430*z - 48153. Let p be v(112). Calculate the highest common factor of p and j.
7
Suppose -i = -3*t - 64, 5*i + 380*t - 377*t = 230. Calculate the greatest common divisor of i and 8869.
49
Suppose 0 = 5*d - 15, 4*f + 3 = 4*d + 7. Suppose 0 = c + 5*k - 34 - f, -46 = -c - k. What is the highest common factor of 32 and c?
16
Let o(w) = -4*w - 111. Let y be o(16). Let v = -85 - y. Let r = 14 - 4. Calculate the greatest common divisor of r and v.
10
Let f be 78/(-52)*(0 - (-24)/(-9)). Let x(i) = 2*i**2 + 5*i + 2. Let m be x(f). What is the greatest common divisor of 378 and m?
54
Suppose -x - 3*x = -136. Suppose -2*f = -2*i + 6*i + 124, 111 = -3*i + 3*f. Let k = 67 + i. Calculate the highest common divisor of x and k.
34
Let h be -52*(-2 - -3)*(-5088)/64. What is the greatest common factor of 156 and h?
78
Suppose -2*n + 352 = -4*l, -164 = l + l - 4*n. Let j = l + 96. What is the greatest common divisor of j and 96?
6
Let n(v) = 39*v**2 + 108*v + 95. Let j be n(-27). What is the greatest common divisor of j and 130?
130
Let r(b) = 20*b**3 - 5*b**2 + 16*b - 94. Let k be r(6). Calculate the highest common divisor of 38 and k.
38
Let r(m) = 34*m - 4. Let s be r(10). Suppose 0 = -9*l + s - 120. What is the greatest common factor of l and 3?
3
Let v be 9 - (1059 - (6 - -2)). Let k = 1070 + v. Let c be 166/6 - 3/(-9). Calculate the highest common divisor of c and k